t is the remainder when o is divided by b?
5
Let m(s) = 6*s**2 + 3*s - 2. Let g be m(2). Let o be -1 + -1 + 2 + 4. Suppose -o*h + g = 2*d - 4, -4*h - 40 = -d. What is the remainder when d is divided by 13?
11
Let f = 6 + -8. Let y be f/(-10) - 28/(-10). Suppose -5*r - y = -6*r. What is the remainder when r is divided by 2?
1
Suppose -41 = 4*q + 19. Let f = q - -18. What is the remainder when f is divided by 1?
0
Let g = -22 - -26. Suppose -3*o - 4*u = -u - 9, 2*o - 6 = -3*u. What is the remainder when g is divided by o?
1
Let n(x) = x**3 + 5*x**2 - 3*x + 2. Let l = -19 - -13. Let b be n(l). Let d = -7 - b. Calculate the remainder when 24 is divided by d.
6
Let h(q) = -q**2 + 14*q + 3. Let x be h(14). Suppose -x*w = -w - 42. Calculate the remainder when w is divided by 11.
10
Let q(a) = -a + 11. Let d be q(5). Calculate the remainder when 20 is divided by (-1)/d + (-201)/(-18).
9
Suppose 6*q - 207 = -3*q. What is the remainder when 183 is divided by q?
22
Let q = -1 + 5. What is the remainder when 10 is divided by q?
2
Suppose 2*w = 3*r - w - 21, -3*r + 4*w + 24 = 0. Suppose -4*h + r*v = 5*v - 136, 2*v = -4*h + 140. Calculate the remainder when h is divided by 18.
15
Let q(i) = -i**3 + 6*i**2 + 9*i + 5. What is the remainder when 55 is divided by q(7)?
17
Suppose t = -3*b + 22, 4*b + 3*t - 31 = -0*t. Let m = 4 + b. Calculate the remainder when 19 is divided by m.
8
Let m(k) = -18*k + 6. Let f be -3 + 1 - -6*1. Let w be m(f). Calculate the remainder when 14 is divided by w/(-15) - (-6)/10.
4
Let i(p) = 3*p - 1. Let l be i(-5). Let n = l - -38. Calculate the remainder when 86 is divided by n.
20
Let y = 25 - 8. Suppose 2*i - 6 = 5*i. Let d(v) = 9*v**2 + 2*v - 1. Calculate the remainder when d(i) is divided by y.
14
Let d(t) = -t**3 + 11*t**2 - 9*t + 17. What is the remainder when d(10) is divided by 16?
11
Let o(g) = -2*g**2 + 9*g + 10. Let y be o(7). Let m = y - -38. What is the remainder when m is divided by 7?
6
Suppose -38 = k + 16. What is the remainder when 35 is divided by (8/12)/((-3)/k)?
11
Calculate the remainder when (-6)/8 - 1059/(-4) is divided by 38.
36
Let j = 20 + -14. Let c(u) = -2 + 3 + 10*u - 5*u. Calculate the remainder when c(2) is divided by j.
5
Let u(j) = j**3 - j**2 - 2. Let b be u(2). Let c be (-2)/(1/(2/(-4))). Suppose -x - c = -b*x. What is the remainder when x is divided by 1?
0
Suppose 0 = 4*n - 3*o - 45, -5*n - o = -2*n - 37. Suppose 0 = -5*f - 2*b + 109, -4*f + f = -2*b - 75. What is the remainder when f is divided by n?
11
Suppose 4*c + 2*g + 4 = 0, 2*g + 5 = 1. Let x(f) = f + 8. Let p(u) = u + 2. Calculate the remainder when x(c) is divided by p(3).
3
Let y be (25/2)/((-2)/(-4)). Let x = 1 + y. What is the remainder when 76 is divided by x?
24
Suppose 3*h + 73 = 25. Calculate the remainder when (-2)/8 + (-1444)/h is divided by 23.
21
Suppose -3*f - 6 = -84. What is the remainder when f is divided by 332/36 - ((-40)/(-18) + -2)?
8
Let a be -27*(-2 + 0 - -1). Let b = -25 - -19. What is the remainder when 17 is divided by (-40)/b*a/18?
7
Suppose -832 = -4*l - 280. Calculate the remainder when l is divided by 20.
18
Suppose 2*b + 23 = 5*s, 0*b + b = -4*s + 8. Suppose 0 = -u - 4*u - s*f + 72, 3*u = -3*f + 42. Let h = 31 - u. Calculate the remainder when 31 is divided by h.
15
Suppose -3*g - d + 348 = 0, -2*g = 3*d - 2*d - 232. Calculate the remainder when g is divided by 17.
14
Suppose 5*g + 0*g = 20. Suppose -z - 57 = -g*z. What is the remainder when 35 is divided by z?
16
Suppose -o - 3*q + 135 = 4*o, 0 = 3*o - 3*q - 57. Let z(f) = 3*f**3 - f**2 - f - 1. Let c be z(-1). Calculate the remainder when o is divided by 14/1 - (-4)/c.
11
Let m be (20 - 0)*(0 - 1). Let q be 1/(-6) - 1722/36. Let w = m - q. What is the remainder when w is divided by 15?
13
What is the remainder when 28 is divided by 2/(-2 + 44/20)?
8
Let m = 189 - 94. Calculate the remainder when m is divided by 32.
31
Let k = -197 - -291. What is the remainder when k is divided by 20?
14
Let p(t) = t - 3. What is the remainder when (-2)/(-4)*(6 + 4) is divided by p(5)?
1
Let r be (-4)/(2/(-1))*1. Let f(b) = 4*b - 3*b - r*b. What is the remainder when 17 is divided by f(-6)?
5
Let s(h) be the first derivative of 5*h**2/2 + 5*h - 2. Calculate the remainder when s(4) is divided by 6/15 - 189/(-15).
12
Let r = 17 - -6. Calculate the remainder when r is divided by 13.
10
Suppose -10 = -3*z + z. Suppose -42 - 8 = -z*u. Calculate the remainder when 38 is divided by u.
8
Suppose -52*i + 276 = -40*i. Suppose 60 - 324 = -4*w. What is the remainder when w is divided by i?
20
Let s = -25 - -32. What is the remainder when 22 is divided by s?
1
Let l = -34 - -67. What is the remainder when 128 is divided by l?
29
Let y(t) = 9*t + 2. Let b be y(6). Let k = b + -39. Suppose 0 = 5*g - 2*g - 30. What is the remainder when k is divided by g?
7
Let k = 13 + -11. Let y = 9 - k. What is the remainder when 58/5 - 6/(-15) is divided by y?
5
Let d(t) = 4*t + 40. What is the remainder when d(19) is divided by 13?
12
Let g be 1158/(-10) + (-3)/15. Let r be (-6)/(-4)*g/(-6). What is the remainder when r + 2 + (0 - -1) is divided by 11?
10
Suppose 5*r = -i - 9 + 39, 3*i + 5 = 4*r. What is the remainder when 7 is divided by i?
2
Let x(t) = -t**2 - 2*t + 109. What is the remainder when x(0) is divided by 28?
25
Let u(i) = -7*i - 19. What is the remainder when u(-9) is divided by 12?
8
Let h(y) = -5*y. Let g be h(1). Let o be ((-18)/7)/(g/35). Calculate the remainder when 39 is divided by 174/o + 1/3.
9
Let g = 32 - 22. What is the remainder when 18 is divided by g?
8
Let y be 4/(-10) - 52/20. Let c(z) = z**2 - 4. Calculate the remainder when c(y) is divided by 3.
2
Let u = 1 - -3. Suppose -3*w - u = -w. What is the remainder when 32 is divided by 10/1 + (-2)/w?
10
Suppose -2*o + 0 - 68 = -5*c, 44 = 4*c + o. Let p(g) = 8*g**2 + 2. Calculate the remainder when p(2) is divided by c.
10
Suppose 3*q - 3*k - 9 = 0, 4*q - 4*k = -6*k + 18. Calculate the remainder when 8 is divided by q.
0
What is the remainder when 24 is divided by 54/8 - (-3)/12?
3
Suppose 0 = u + 20 - 6. Calculate the remainder when 33 is divided by u/(-3)*216/84.
9
Let b be 4 - (-2 + 4 + -3). Suppose 3*k + 5*l - 26 = 0, 2*l = 5*k + 1 - 3. Suppose b*u - 8 = k. What is the remainder when u is divided by 1?
0
Suppose 0*u = 2*u + 4*m - 92, -4*u = m - 191. What is the remainder when u is divided by 26?
22
Suppose -21 + 1 = -5*d. Suppose a - j - 46 = 0, 0 = -d*a - 0*a + 5*j + 184. What is the remainder when a is divided by 16?
14
Suppose 2*x - 145 = 33. Let f = x - 41. Calculate the remainder when f is divided by 17.
14
Let t = -1 - -4. Let g be t - 0/2*-1. Let z = g + 1. What is the remainder when z is divided by 2?
0
Suppose -3*d = o - 88, -5*d - 2*o = -4*o - 154. Calculate the remainder when 81 is divided by d.
21
Let w(a) = -3*a**3 - 5*a**2 - 5*a. Let d(k) = 7*k**3 + 11*k**2 + 10*k - 1. Let o(l) = 2*d(l) + 5*w(l). What is the remainder when o(-3) is divided by 7?
6
Let u(o) = 2*o**2 + 3*o + 12. What is the remainder when u(-6) is divided by 14?
10
Let c = 6 + -2. Suppose -5*v + 76 = -4*w, -2*v + 3*v + 2*w - c = 0. What is the remainder when 1*33*(-2)/(-3) is divided by v?
10
Calculate the remainder when (-44)/((8/(-12))/1) is divided by 17.
15
Suppose -4*c - 23 = -67. Suppose 378 = 6*t + 3*t. Calculate the remainder when t is divided by c.
9
Let t(f) = 14*f**2 + f. Let q be t(1). Suppose -b + 5*z + 23 = -0*z, -b = 3*z - q. What is the remainder when b is divided by 7?
4
Calculate the remainder when 477/(-12)*(-16)/6 is divided by 31.
13
Let p(h) = h**3 + 6*h**2 + 5*h - 2. Calculate the remainder when 16 is divided by p(-4).
6
Let t = 10 + 4. Let p(s) = -s**3 + 6*s**2 - s + 3. Let j be p(6). What is the remainder when ((-26)/j)/(4/12) is divided by t?
12
Let m = 14 - 11. What is the remainder when 13 is divided by m?
1
Suppose 2*y + 191 = 611. Suppose -4*q = 34 + y. Let f = -19 - q. Calculate the remainder when f is divided by 15.
12
Let a be ((-7)/(-7))/(2/6). Let n(t) be the second derivative of t**3/2 - t**2 - 2*t. Calculate the remainder when 19 is divided by n(a).
5
Suppose -8*z = -3*z - 570. Suppose 4*j - 2*h - z = 0, 0 = -3*j - 2*j + 5*h + 145. What is the remainder when j is divided by 15?
13
Let l(f) = -20*f - 3. 